{"id":110,"date":"2020-05-18T16:21:41","date_gmt":"2020-05-18T14:21:41","guid":{"rendered":"http:\/\/kryptyfranciszkanow.umk.pl\/?page_id=110"},"modified":"2020-05-18T16:23:47","modified_gmt":"2020-05-18T14:23:47","slug":"krypta-b2-grob-rodziny-zborowskich","status":"publish","type":"page","link":"https:\/\/kryptyfranciszkanow.umk.pl\/index.php\/bazylika\/krypta-b2-grob-rodziny-zborowskich\/","title":{"rendered":"Krypta B2 &#8211; \u201eGr\u00f3b Rodziny Zborowskich\u201d"},"content":{"rendered":"<p style=\"text-align: justify;\">Krypta zlokalizowana jest w obr\u0119bie kaplicy b\u0142. Salomei. Zosta\u0142a za\u0142o\u017cona na planie zbli\u017conym do prostok\u0105ta o wymiarach ok. 300 x 360 cm. Jej \u015bciany wzniesione zosta\u0142y z ceg\u0142y palcowanej w uk\u0142adzie woz\u00f3wkowym. Lico \u015bcian jest cz\u0119\u015bciowo zatarte gruboziarnistym tynkiem wapienno-piaskowym z domieszk\u0105 w\u0119gla drzewnego. Komor\u0119 obejmuje sklepienie kolebkowe. Ceglane schody prowadz\u0105ce do wn\u0119trza znajduj\u0105 si\u0119 poza obrysem krypty. Zej\u015bcie do krypty jest zamkni\u0119te kamienn\u0105 p\u0142yt\u0105 widoczn\u0105 w posadzce kaplicy. W krypcie znajdowa\u0142o si\u0119 12 tapicerowanych trumien w tym jedna podw\u00f3jna. Niekt\u00f3re ustawione by\u0142y jedna na drugiej, znajdowa\u0142y si\u0119 w nich szcz\u0105tki kobiet (2), m\u0119\u017cczyzn (4), dzieci (6).<\/p>\n<p>&nbsp;<\/p>\n<div class=\"rl-gallery-container rl-loading\" id=\"rl-gallery-container-1\" data-gallery_id=\"112\"> <div class=\"rl-gallery rl-basicgrid-gallery \" id=\"rl-gallery-1\" data-gallery_no=\"1\"> <div class=\"rl-gallery-item\"><a href=\"https:\/\/kryptyfranciszkanow.umk.pl\/wp-content\/uploads\/2020\/05\/2-2.jpg\" title=\"\" data-rl_title=\"\" class=\"rl-gallery-link\" data-rl_caption=\"\" data-rel=\"lightbox-gallery-1\"><img loading=\"lazy\" decoding=\"async\" src=\"https:\/\/kryptyfranciszkanow.umk.pl\/wp-content\/uploads\/2020\/05\/2-2-300x118.jpg\" width=\"300\" height=\"118\" alt=\"\" \/><\/a><\/div><div class=\"rl-gallery-item\"><a href=\"https:\/\/kryptyfranciszkanow.umk.pl\/wp-content\/uploads\/2020\/05\/3-1.jpg\" title=\"\" data-rl_title=\"\" class=\"rl-gallery-link\" data-rl_caption=\"\" data-rel=\"lightbox-gallery-1\"><img loading=\"lazy\" decoding=\"async\" src=\"https:\/\/kryptyfranciszkanow.umk.pl\/wp-content\/uploads\/2020\/05\/3-1-261x300.jpg\" width=\"261\" height=\"300\" alt=\"\" \/><\/a><\/div><div class=\"rl-gallery-item\"><a href=\"https:\/\/kryptyfranciszkanow.umk.pl\/wp-content\/uploads\/2020\/05\/4-1.jpg\" title=\"\" data-rl_title=\"\" class=\"rl-gallery-link\" data-rl_caption=\"\" data-rel=\"lightbox-gallery-1\"><img loading=\"lazy\" decoding=\"async\" src=\"https:\/\/kryptyfranciszkanow.umk.pl\/wp-content\/uploads\/2020\/05\/4-1-275x300.jpg\" width=\"275\" height=\"300\" alt=\"\" \/><\/a><\/div><div class=\"rl-gallery-item\"><a href=\"https:\/\/kryptyfranciszkanow.umk.pl\/wp-content\/uploads\/2020\/05\/5-1-scaled.jpg\" title=\"\" data-rl_title=\"\" class=\"rl-gallery-link\" data-rl_caption=\"\" data-rel=\"lightbox-gallery-1\"><img loading=\"lazy\" decoding=\"async\" src=\"https:\/\/kryptyfranciszkanow.umk.pl\/wp-content\/uploads\/2020\/05\/5-1-300x185.jpg\" width=\"300\" height=\"185\" alt=\"\" \/><\/a><\/div><div class=\"rl-gallery-item\"><a href=\"https:\/\/kryptyfranciszkanow.umk.pl\/wp-content\/uploads\/2020\/05\/6-1-scaled.jpg\" title=\"\" data-rl_title=\"\" class=\"rl-gallery-link\" data-rl_caption=\"\" data-rel=\"lightbox-gallery-1\"><img loading=\"lazy\" decoding=\"async\" src=\"https:\/\/kryptyfranciszkanow.umk.pl\/wp-content\/uploads\/2020\/05\/6-1-300x200.jpg\" width=\"300\" height=\"200\" alt=\"\" \/><\/a><\/div><div class=\"rl-gallery-item\"><a href=\"https:\/\/kryptyfranciszkanow.umk.pl\/wp-content\/uploads\/2020\/05\/7.-R\u0119kaw-\u017cupana-in-situ-poch\u00f3wek-nr-11-scaled.jpg\" title=\"\" data-rl_title=\"\" class=\"rl-gallery-link\" data-rl_caption=\"\" data-rel=\"lightbox-gallery-1\"><img loading=\"lazy\" decoding=\"async\" src=\"https:\/\/kryptyfranciszkanow.umk.pl\/wp-content\/uploads\/2020\/05\/7.-R\u0119kaw-\u017cupana-in-situ-poch\u00f3wek-nr-11-182x300.jpg\" width=\"182\" height=\"300\" alt=\"\" \/><\/a><\/div><div class=\"rl-gallery-item\"><a href=\"https:\/\/kryptyfranciszkanow.umk.pl\/wp-content\/uploads\/2020\/05\/8.-Szkaplerz-in-situ-poch\u00f3wek-nr-1-scaled.jpg\" title=\"\" data-rl_title=\"\" class=\"rl-gallery-link\" data-rl_caption=\"\" data-rel=\"lightbox-gallery-1\"><img loading=\"lazy\" decoding=\"async\" src=\"https:\/\/kryptyfranciszkanow.umk.pl\/wp-content\/uploads\/2020\/05\/8.-Szkaplerz-in-situ-poch\u00f3wek-nr-1-239x300.jpg\" width=\"239\" height=\"300\" alt=\"\" \/><\/a><\/div> <\/div> <\/div>\n","protected":false},"excerpt":{"rendered":"<p>Krypta zlokalizowana jest w obr\u0119bie kaplicy b\u0142. Salomei. Zosta\u0142a za\u0142o\u017cona na planie zbli\u017conym do prostok\u0105ta o wymiarach ok. 300 x 360 cm. Jej \u015bciany wzniesione zosta\u0142y z ceg\u0142y palcowanej w uk\u0142adzie woz\u00f3wkowym. Lico \u015bcian jest cz\u0119\u015bciowo zatarte gruboziarnistym tynkiem wapienno-piaskowym z domieszk\u0105 w\u0119gla drzewnego. Komor\u0119 obejmuje sklepienie kolebkowe. Ceglane schody &hellip;<\/p>\n","protected":false},"author":1,"featured_media":116,"parent":85,"menu_order":2,"comment_status":"closed","ping_status":"closed","template":"","meta":{"footnotes":""},"class_list":["post-110","page","type-page","status-publish","has-post-thumbnail","hentry"],"_links":{"self":[{"href":"https:\/\/kryptyfranciszkanow.umk.pl\/index.php\/wp-json\/wp\/v2\/pages\/110","targetHints":{"allow":["GET"]}}],"collection":[{"href":"https:\/\/kryptyfranciszkanow.umk.pl\/index.php\/wp-json\/wp\/v2\/pages"}],"about":[{"href":"https:\/\/kryptyfranciszkanow.umk.pl\/index.php\/wp-json\/wp\/v2\/types\/page"}],"author":[{"embeddable":true,"href":"https:\/\/kryptyfranciszkanow.umk.pl\/index.php\/wp-json\/wp\/v2\/users\/1"}],"replies":[{"embeddable":true,"href":"https:\/\/kryptyfranciszkanow.umk.pl\/index.php\/wp-json\/wp\/v2\/comments?post=110"}],"version-history":[{"count":2,"href":"https:\/\/kryptyfranciszkanow.umk.pl\/index.php\/wp-json\/wp\/v2\/pages\/110\/revisions"}],"predecessor-version":[{"id":122,"href":"https:\/\/kryptyfranciszkanow.umk.pl\/index.php\/wp-json\/wp\/v2\/pages\/110\/revisions\/122"}],"up":[{"embeddable":true,"href":"https:\/\/kryptyfranciszkanow.umk.pl\/index.php\/wp-json\/wp\/v2\/pages\/85"}],"wp:featuredmedia":[{"embeddable":true,"href":"https:\/\/kryptyfranciszkanow.umk.pl\/index.php\/wp-json\/wp\/v2\/media\/116"}],"wp:attachment":[{"href":"https:\/\/kryptyfranciszkanow.umk.pl\/index.php\/wp-json\/wp\/v2\/media?parent=110"}],"curies":[{"name":"wp","href":"https:\/\/api.w.org\/{rel}","templated":true}]}}