{"id":13,"date":"2020-05-14T16:58:11","date_gmt":"2020-05-14T14:58:11","guid":{"rendered":"http:\/\/kryptyfranciszkanow.umk.pl\/?page_id=13"},"modified":"2020-05-17T20:09:12","modified_gmt":"2020-05-17T18:09:12","slug":"historia-badan","status":"publish","type":"page","link":"https:\/\/kryptyfranciszkanow.umk.pl\/","title":{"rendered":"Badania"},"content":{"rendered":"<p style=\"text-align: justify;\">Projekt \u201eKrypty grobowe ko\u015bcio\u0142a pw. \u015bw. Franciszka z Asy\u017cu w Krakowie w \u015bwietle bada\u0144 interdyscyplinarnych\u201d jest finansowany przez Narodowe Centrum Nauki w ramach konkursu OPUS 12 (nr rejestracyjny: 2016\/23\/B\/HS3\/01910). Zasadniczym celem projektu by\u0142o wszechstronne przebadanie krypt grobowych wraz z poch\u00f3wkami oraz analiza uk\u0142adu architektonicznego podziemnych pomieszcze\u0144 i ich pe\u0142na inwentaryzacja przy u\u017cyciu najnowszych technik, mi\u0119dzy innymi skanowania 3D. Poza tym szczeg\u00f3\u0142owymi badaniami przy u\u017cyciu nowoczesnych metod analitycznych zosta\u0142y obj\u0119te zespo\u0142y archeologicznych zabytk\u00f3w ruchomych stanowi\u0105cych wyposa\u017cenie grobowe, kt\u00f3re r\u00f3wnie\u017c poddano konserwacji. Pomieszczenia pod ko\u015bcio\u0142em franciszkan\u00f3w zosta\u0142y przebadane po raz pierwszy, a cz\u0119\u015b\u0107 z nich nigdy do tej pory nie by\u0142a otwierana. Eksploracja krypt umo\u017cliwi\u0142a konfrontacje \u017ar\u00f3de\u0142 archeologicznych ze \u017ar\u00f3d\u0142ami pisanymi znajduj\u0105cymi si\u0119 w klasztornym archiwum.<\/p>\n<p style=\"text-align: justify;\">Badania terenowe prowadzono w latach 2017\u20132018 na zasadzie kilkudniowych, intensywnych i interdyscyplinarnych dzia\u0142a\u0144, odbywaj\u0105cych si\u0119 zar\u00f3wno w dzie\u0144, jak i w nocy. Taki system wymuszony by\u0142 przez konieczno\u015b\u0107 dostosowania prac zespo\u0142u badawczego do kalendarza liturgicznego i codziennych praktyk religijnych, odbywaj\u0105cych si\u0119 w ko\u015bciele, a tak\u017ce do intensywnego ruchu turystycznego w obiekcie zabytkowym o du\u017cym znaczeniu historycznym. Podczas bada\u0144 zlokalizowali\u015bmy 18 krypt, otworzyli\u015bmy 13, ale weszli\u015bmy i kompleksowo przebadali\u015bmy 12 pomieszcze\u0144 o charakterze sepulkralnym: dziewi\u0119\u0107 w bazylice (B1\u2013B9) i trzy w kru\u017cgankach klasztoru (K1\u2013K3). Pozosta\u0142e (9) podziemne wn\u0119trza mogli\u015bmy zbada\u0107 tylko metodami nieinwazyjnymi dokonuj\u0105c ich analizy i oceny na podstawie obrazu z kamery inspekcyjnej wprowadzonej przez odwierty o ma\u0142ej \u015brednicy. W otwartych kryptach odnaleziono i zinwentaryzowano 96 poch\u00f3wk\u00f3w w 95 drewnianych trumnach. W jednym przypadku w krypcie nr B9 w trumnie nr 11 znaleziono szcz\u0105tki dw\u00f3ch os\u00f3b: m\u0119\u017cczyzny i kobiety. Prawdopodobnie szcz\u0105tki kobiety jako dodatkowe dorzucono do tej trumny, gdy porz\u0105dkowano kryp\u0119.<\/p>\n<p style=\"text-align: justify;\">Projekt jest kontynuowany, trwaj\u0105 jeszcze prace nad opublikowaniem wynik\u00f3w bada\u0144 i prace konserwatorskie.<\/p>\n<p style=\"text-align: right;\"><a href=\"http:\/\/kryptyfranciszkanow.umk.pl\/index.php\/historia-badan-krypt\">Wi\u0119cej informacji<\/a><\/p>\n","protected":false},"excerpt":{"rendered":"<p>Projekt \u201eKrypty grobowe ko\u015bcio\u0142a pw. \u015bw. Franciszka z Asy\u017cu w Krakowie w \u015bwietle bada\u0144 interdyscyplinarnych\u201d jest finansowany przez Narodowe Centrum Nauki w ramach konkursu OPUS 12 (nr rejestracyjny: 2016\/23\/B\/HS3\/01910). Zasadniczym celem projektu by\u0142o wszechstronne przebadanie krypt grobowych wraz z poch\u00f3wkami oraz analiza uk\u0142adu architektonicznego podziemnych pomieszcze\u0144 i ich pe\u0142na inwentaryzacja &hellip;<\/p>\n","protected":false},"author":1,"featured_media":0,"parent":0,"menu_order":0,"comment_status":"closed","ping_status":"closed","template":"","meta":{"footnotes":""},"class_list":["post-13","page","type-page","status-publish","hentry"],"_links":{"self":[{"href":"https:\/\/kryptyfranciszkanow.umk.pl\/index.php\/wp-json\/wp\/v2\/pages\/13","targetHints":{"allow":["GET"]}}],"collection":[{"href":"https:\/\/kryptyfranciszkanow.umk.pl\/index.php\/wp-json\/wp\/v2\/pages"}],"about":[{"href":"https:\/\/kryptyfranciszkanow.umk.pl\/index.php\/wp-json\/wp\/v2\/types\/page"}],"author":[{"embeddable":true,"href":"https:\/\/kryptyfranciszkanow.umk.pl\/index.php\/wp-json\/wp\/v2\/users\/1"}],"replies":[{"embeddable":true,"href":"https:\/\/kryptyfranciszkanow.umk.pl\/index.php\/wp-json\/wp\/v2\/comments?post=13"}],"version-history":[{"count":9,"href":"https:\/\/kryptyfranciszkanow.umk.pl\/index.php\/wp-json\/wp\/v2\/pages\/13\/revisions"}],"predecessor-version":[{"id":109,"href":"https:\/\/kryptyfranciszkanow.umk.pl\/index.php\/wp-json\/wp\/v2\/pages\/13\/revisions\/109"}],"wp:attachment":[{"href":"https:\/\/kryptyfranciszkanow.umk.pl\/index.php\/wp-json\/wp\/v2\/media?parent=13"}],"curies":[{"name":"wp","href":"https:\/\/api.w.org\/{rel}","templated":true}]}}