{"id":215,"date":"2020-05-18T17:08:26","date_gmt":"2020-05-18T15:08:26","guid":{"rendered":"http:\/\/kryptyfranciszkanow.umk.pl\/?page_id=215"},"modified":"2020-05-18T17:08:26","modified_gmt":"2020-05-18T15:08:26","slug":"krypta-k4","status":"publish","type":"page","link":"https:\/\/kryptyfranciszkanow.umk.pl\/index.php\/kruzganki\/krypta-k4\/","title":{"rendered":"Krypta K4"},"content":{"rendered":"<p style=\"text-align: justify;\">Krypta zlokalizowana jest w p\u00f3\u0142nocnej cz\u0119\u015bci kru\u017cganka zachodniego, na przeci\u0119ciu z dawnym kru\u017cgankiem po\u0142udniowym (obecn\u0105 kaplic\u0105 Matki Boskiej Bolesnej). Wej\u015bcie do krypty zaznaczone jest obecnie w posadzce kamienn\u0105 p\u0142yt\u0105 zas\u0142aniaj\u0105c\u0105 otw\u00f3r wej\u015bciowy. Po podniesieniu p\u0142yty okaza\u0142o si\u0119 \u017ce krypta po sklepienie i schody zasypana by\u0142a ko\u015b\u0107mi ludzkimi. W ten spos\u00f3b przeznaczono j\u0105 na ossuarium.<\/p>\n","protected":false},"excerpt":{"rendered":"<p>Krypta zlokalizowana jest w p\u00f3\u0142nocnej cz\u0119\u015bci kru\u017cganka zachodniego, na przeci\u0119ciu z dawnym kru\u017cgankiem po\u0142udniowym (obecn\u0105 kaplic\u0105 Matki Boskiej Bolesnej). Wej\u015bcie do krypty zaznaczone jest obecnie w posadzce kamienn\u0105 p\u0142yt\u0105 zas\u0142aniaj\u0105c\u0105 otw\u00f3r wej\u015bciowy. Po podniesieniu p\u0142yty okaza\u0142o si\u0119 \u017ce krypta po sklepienie i schody zasypana by\u0142a ko\u015b\u0107mi ludzkimi. W ten spos\u00f3b &hellip;<\/p>\n","protected":false},"author":1,"featured_media":49,"parent":88,"menu_order":4,"comment_status":"closed","ping_status":"closed","template":"","meta":{"footnotes":""},"class_list":["post-215","page","type-page","status-publish","has-post-thumbnail","hentry"],"_links":{"self":[{"href":"https:\/\/kryptyfranciszkanow.umk.pl\/index.php\/wp-json\/wp\/v2\/pages\/215","targetHints":{"allow":["GET"]}}],"collection":[{"href":"https:\/\/kryptyfranciszkanow.umk.pl\/index.php\/wp-json\/wp\/v2\/pages"}],"about":[{"href":"https:\/\/kryptyfranciszkanow.umk.pl\/index.php\/wp-json\/wp\/v2\/types\/page"}],"author":[{"embeddable":true,"href":"https:\/\/kryptyfranciszkanow.umk.pl\/index.php\/wp-json\/wp\/v2\/users\/1"}],"replies":[{"embeddable":true,"href":"https:\/\/kryptyfranciszkanow.umk.pl\/index.php\/wp-json\/wp\/v2\/comments?post=215"}],"version-history":[{"count":1,"href":"https:\/\/kryptyfranciszkanow.umk.pl\/index.php\/wp-json\/wp\/v2\/pages\/215\/revisions"}],"predecessor-version":[{"id":216,"href":"https:\/\/kryptyfranciszkanow.umk.pl\/index.php\/wp-json\/wp\/v2\/pages\/215\/revisions\/216"}],"up":[{"embeddable":true,"href":"https:\/\/kryptyfranciszkanow.umk.pl\/index.php\/wp-json\/wp\/v2\/pages\/88"}],"wp:featuredmedia":[{"embeddable":true,"href":"https:\/\/kryptyfranciszkanow.umk.pl\/index.php\/wp-json\/wp\/v2\/media\/49"}],"wp:attachment":[{"href":"https:\/\/kryptyfranciszkanow.umk.pl\/index.php\/wp-json\/wp\/v2\/media?parent=215"}],"curies":[{"name":"wp","href":"https:\/\/api.w.org\/{rel}","templated":true}]}}