{"id":67,"date":"2020-05-17T17:07:29","date_gmt":"2020-05-17T15:07:29","guid":{"rendered":"http:\/\/kryptyfranciszkanow.umk.pl\/?page_id=67"},"modified":"2020-05-17T17:22:58","modified_gmt":"2020-05-17T15:22:58","slug":"o-nas-w-mediach","status":"publish","type":"page","link":"https:\/\/kryptyfranciszkanow.umk.pl\/index.php\/o-nas-w-mediach\/","title":{"rendered":"O nas w mediach"},"content":{"rendered":"<ul>\n<li><a href=\"https:\/\/tvn24.pl\/krakow\/krakow-archeolodzy-weszli-do-krypt-u-franciszkanow-ra991146-2508819\" target=\"_blank\" rel=\"noopener noreferrer\">Ksi\u0105dz bez podniebienia i Bractwo Dobrej \u015amierci. Tajemnice krypt u Franciszkan\u00f3w (tvn24.pl)<\/a><\/li>\n<li><a href=\"https:\/\/fakty.tvn24.pl\/fakty-po-poludniu,96\/krypty-pod-bazylika-franciszkanow-w-krakowie-co-znalezli-archeolodzy,991183.html\" target=\"_blank\" rel=\"noopener noreferrer\">Weszli do krypt sprzed wiek\u00f3w. &#8222;Spojrzenie w twarz ludziom zmar\u0142ym trzysta lat temu jest rzecz\u0105 niesamowit\u0105&#8221; (tvn24.pl)<\/a><\/li>\n<li><a href=\"https:\/\/www.franciszkanie.pl\/artykuly\/krakow-prezentacja-wynikow-badan-z-franciszkanskich-krypt\" target=\"_blank\" rel=\"noopener noreferrer\">Krak\u00f3w. Prezentacja wynik\u00f3w bada\u0144 z franciszka\u0144skich krypt (franciszkanie.pl)<\/a><\/li>\n<li><a href=\"https:\/\/krakow.gosc.pl\/doc\/6025799.Krakow-Tajemnice-krypt-franciszkanskich\" target=\"_blank\" rel=\"noopener noreferrer\">Krak\u00f3w. Tajemnice krypt franciszka\u0144skich (Go\u015b\u0107.pl)<\/a><\/li>\n<li><a href=\"https:\/\/dziennikpolski24.pl\/krakow-rozaniec-z-trupia-czaszka-ferezja-i-proteza-podniebienia-naukowcy-zeszli-do-krypt-u-franciszkanow\/ar\/c1-14637141\" target=\"_blank\" rel=\"noopener noreferrer\">Krak\u00f3w. R\u00f3\u017caniec z trupi\u0105 czaszk\u0105, ferezja i proteza podniebienia. Naukowcy zeszli do krypt u franciszkan\u00f3w (Dziennik Polski)<\/a><\/li>\n<li><a href=\"https:\/\/info.wiara.pl\/doc\/6025799.Krakow-Tajemnice-krypt-franciszkanskich\" target=\"_blank\" rel=\"noopener noreferrer\">Krak\u00f3w. Tajemnice krypt franciszka\u0144skich (wiara.pl)<\/a><\/li>\n<li><a href=\"https:\/\/krakow.naszemiasto.pl\/krakow-rozaniec-z-trupia-czaszka-ferezja-i-proteza\/ar\/c1-7457733\" target=\"_blank\" rel=\"noopener noreferrer\">Krak\u00f3w. R\u00f3\u017caniec z trupi\u0105 czaszk\u0105, ferezja i proteza podniebienia. Naukowcy zeszli do krypt u franciszkan\u00f3w (Naszemiasto.pl)<\/a><\/li>\n<li><a href=\"https:\/\/krakow.tvp.pl\/45654750\/w-kryptach-kosciola-franciszkanow-archeolodzy-znalezli-blisko-100-pochowkow\" target=\"_blank\" rel=\"noopener noreferrer\">W kryptach ko\u015bcio\u0142a franciszkan\u00f3w archeolodzy znale\u017ali blisko 100 poch\u00f3wk\u00f3w (krakow.tvp.pl)<\/a><\/li>\n<li><a href=\"https:\/\/wmeritum.pl\/krakow-klasztoru-franciszkanow\/300921\" target=\"_blank\" rel=\"noopener noreferrer\">Krak\u00f3w: W kryptach ko\u015bcio\u0142a franciszkan\u00f3w archeolodzy znale\u017ali blisko 100 poch\u00f3wk\u00f3w (wMeritum.pl)<\/a><\/li>\n<li><a href=\"https:\/\/www.radioem.pl\/gal\/pokaz\/6025803.Krypty-pod-kosciolem-franciszkanow-w-Krakowie\/9\" target=\"_blank\" rel=\"noopener noreferrer\">Krypty pod ko\u015bcio\u0142em franciszkan\u00f3w w Krakowie (radioem.pl)<\/a><\/li>\n<li><a href=\"https:\/\/www.niedziela.pl\/artykul\/47617\/Krakow-archeologiczne-odkrycia-w-kryptach\/\" target=\"_blank\" rel=\"noopener noreferrer\">Krak\u00f3w: archeologiczne odkrycia w kryptach ko\u015bcio\u0142a franciszkan\u00f3w (niedziela.pl)<\/a><\/li>\n<li><a href=\"https:\/\/stacja7.pl\/z-kraju\/niezwykle-odkrycie-w-kryptach-kosciola-w-krakowie\" target=\"_blank\" rel=\"noopener noreferrer\">Niezwyk\u0142e odkrycie w kryptach ko\u015bcio\u0142a w Krakowie (stacja7.pl)<\/a><\/li>\n<\/ul>\n","protected":false},"excerpt":{"rendered":"<p>Ksi\u0105dz bez podniebienia i Bractwo Dobrej \u015amierci. Tajemnice krypt u Franciszkan\u00f3w (tvn24.pl) Weszli do krypt sprzed wiek\u00f3w. &#8222;Spojrzenie w twarz ludziom zmar\u0142ym trzysta lat temu jest rzecz\u0105 niesamowit\u0105&#8221; (tvn24.pl) Krak\u00f3w. Prezentacja wynik\u00f3w bada\u0144 z franciszka\u0144skich krypt (franciszkanie.pl) Krak\u00f3w. Tajemnice krypt franciszka\u0144skich (Go\u015b\u0107.pl) Krak\u00f3w. R\u00f3\u017caniec z trupi\u0105 czaszk\u0105, ferezja i proteza &hellip;<\/p>\n","protected":false},"author":1,"featured_media":70,"parent":0,"menu_order":0,"comment_status":"closed","ping_status":"closed","template":"","meta":{"footnotes":""},"class_list":["post-67","page","type-page","status-publish","has-post-thumbnail","hentry"],"_links":{"self":[{"href":"https:\/\/kryptyfranciszkanow.umk.pl\/index.php\/wp-json\/wp\/v2\/pages\/67","targetHints":{"allow":["GET"]}}],"collection":[{"href":"https:\/\/kryptyfranciszkanow.umk.pl\/index.php\/wp-json\/wp\/v2\/pages"}],"about":[{"href":"https:\/\/kryptyfranciszkanow.umk.pl\/index.php\/wp-json\/wp\/v2\/types\/page"}],"author":[{"embeddable":true,"href":"https:\/\/kryptyfranciszkanow.umk.pl\/index.php\/wp-json\/wp\/v2\/users\/1"}],"replies":[{"embeddable":true,"href":"https:\/\/kryptyfranciszkanow.umk.pl\/index.php\/wp-json\/wp\/v2\/comments?post=67"}],"version-history":[{"count":7,"href":"https:\/\/kryptyfranciszkanow.umk.pl\/index.php\/wp-json\/wp\/v2\/pages\/67\/revisions"}],"predecessor-version":[{"id":76,"href":"https:\/\/kryptyfranciszkanow.umk.pl\/index.php\/wp-json\/wp\/v2\/pages\/67\/revisions\/76"}],"wp:featuredmedia":[{"embeddable":true,"href":"https:\/\/kryptyfranciszkanow.umk.pl\/index.php\/wp-json\/wp\/v2\/media\/70"}],"wp:attachment":[{"href":"https:\/\/kryptyfranciszkanow.umk.pl\/index.php\/wp-json\/wp\/v2\/media?parent=67"}],"curies":[{"name":"wp","href":"https:\/\/api.w.org\/{rel}","templated":true}]}}